e
Is 1863 a factor of 494844471?
True
Does 12 divide 436471626?
False
Is 3535 a factor of 1313570650?
True
Does 3484 divide 2993974894?
False
Does 13 divide 799530186?
True
Does 291 divide 585035421?
True
Is 126877916 a multiple of 11?
True
Is 1814931 a multiple of 1263?
True
Is 1598703204 a multiple of 49?
True
Does 112 divide 177597888?
False
Is 110121872 a multiple of 3591?
False
Does 2414 divide 584441470?
True
Is 200478450 a multiple of 17?
True
Is 434 a factor of 9467709?
False
Is 327358299 a multiple of 5739?
True
Does 25 divide 3393532750?
True
Is 1679 a factor of 55070222?
False
Is 247992 a multiple of 101?
False
Is 285512656 a multiple of 638?
True
Does 320 divide 89097393?
False
Is 633379415 a multiple of 53?
True
Is 18866508 a multiple of 1155?
False
Is 8 a factor of 214132960?
True
Is 1316194 a multiple of 3?
False
Is 382 a factor of 10885090?
True
Is 11 a factor of 11058715?
False
Is 32309118 a multiple of 434?
False
Is 1076143860 a multiple of 255?
True
Does 398 divide 739469672?
True
Is 25 a factor of 11381635?
False
Is 49768086 a multiple of 13?
False
Does 8 divide 6119444?
False
Does 40 divide 343420600?
True
Is 540439748 a multiple of 9866?
True
Is 713 a factor of 55698501?
False
Is 19849852 a multiple of 199?
True
Does 242 divide 17501440?
True
Does 3 divide 91513945?
False
Is 55758884 a multiple of 128?
False
Is 3383 a factor of 299666140?
True
Is 573563085 a multiple of 629?
True
Is 56 a factor of 491612389?
False
Is 1749028135 a multiple of 128?
False
Is 48 a factor of 37022736?
True
Is 122519503 a multiple of 902?
False
Is 544 a factor of 524843827?
False
Does 8 divide 24009271?
False
Is 41411781 a multiple of 2439?
True
Is 141447 a multiple of 2?
False
Does 192 divide 60780335?
False
Is 125 a factor of 48298250?
True
Does 15 divide 673327452?
False
Is 88384711 a multiple of 567?
False
Is 15 a factor of 203485071?
False
Is 659928440 a multiple of 34?
True
Does 1110 divide 209837730?
True
Is 200226169 a multiple of 21?
False
Does 7191 divide 5916330531?
True
Does 266 divide 7693786?
False
Is 20 a factor of 539053920?
True
Is 84178999 a multiple of 53?
True
Is 701 a factor of 57469382?
True
Is 521 a factor of 92721849?
True
Does 29 divide 633002981?
True
Does 521 divide 2053221925?
True
Is 3 a factor of 823976446?
False
Is 30 a factor of 19243999?
False
Is 1568870244 a multiple of 284?
True
Is 3189764043 a multiple of 4581?
True
Is 17 a factor of 1983563247?
True
Is 217695828 a multiple of 483?
True
Does 2 divide 5954546?
True
Is 54770352 a multiple of 48?
True
Does 1015 divide 4287139?
False
Is 716266824 a multiple of 50?
False
Does 103 divide 12758507?
True
Is 358889458 a multiple of 1378?
False
Is 340 a factor of 613471520?
True
Is 68087681 a multiple of 55?
False
Is 64544402 a multiple of 13?
True
Is 343 a factor of 329774949?
True
Does 1074 divide 58062588?
True
Does 20 divide 100416000?
True
Is 4 a factor of 11037744?
True
Is 130 a factor of 74242740?
True
Does 1167 divide 178493307?
False
Is 32302020 a multiple of 12?
True
Is 167143951 a multiple of 49?
False
Is 290996034 a multiple of 1381?
True
Is 11099 a factor of 536903026?
True
Is 51378357 a multiple of 1993?
False
Is 1211601435 a multiple of 605?
True
Does 423 divide 260081988?
False
Is 715 a factor of 7336244630?
True
Is 125199232 a multiple of 128?
True
Is 1262 a factor of 87214735?
False
Is 255 a factor of 1333685326?
False
Is 20811140 a multiple of 20?
True
Is 366 a factor of 1277802328?
False
Does 4949 divide 38488627?
False
Is 245 a factor of 811985821?
False
Is 21 a factor of 6711327?
True
Is 102004380 a multiple of 160?
False
Is 65870220 a multiple of 65?
True
Does 42 divide 72149062?
False
Does 191 divide 145580051?
False
Is 125711355 a multiple of 1852?
False
Is 470421248 a multiple of 3080?
False
Does 47 divide 132853208?
True
Is 56 a factor of 69172411?
False
Does 21 divide 266352681?
True
Does 10 divide 302074390?
True
Does 172 divide 27915944?
True
Is 212 a factor of 639360521?
False
Is 75455315 a multiple of 549?
False
Is 237739662 a multiple of 318?
True
Is 202435258 a multiple of 126?
False
Is 13 a factor of 206553529?
True
Does 52 divide 2382983876?
True
Does 11 divide 382899?
True
Does 35 divide 2559095?
True
Is 54 a factor of 110523582?
True
Is 1223220240 a multiple of 72?
True
Is 184 a factor of 374782259?
False
Is 12213820 a multiple of 918?
False
Is 87396348 a multiple of 12?
True
Does 620 divide 116734840?
True
Is 1118913306 a multiple of 133?
True
Does 35 divide 1038835?
True
Does 12 divide 14211660?
True
Is 101202430 a multiple of 333?
False
Is 46 a factor of 338622918?
False
Is 28 a factor of 113842401?
False
Is 12 a factor of 1603137249?
False
Does 5479 divide 3139225924?
True
Does 326 divide 136355217?
False
Does 427 divide 73806000?
False
Is 42335976 a multiple of 12?
True
Is 90880790 a multiple of 2815?
False
Is 274 a factor of 18054408?
True
Does 3 divide 18265528?
False
Is 341672045 a multiple of 221?
False
Is 107 a factor of 10942890?
True
Does 2899 divide 197860023?
False
Is 1525028907 a multiple of 35?
False
Does 34 divide 13975700?
True
Does 102 divide 63114813?
False
Is 51 a factor of 53872269?
True
Does 825 divide 124781377?
False
Is 752778114 a multiple of 997?
False
Is 400120008 a multiple of 876?
True
Is 37 a factor of 19851559?
False
Does 30 divide 10884570?
True
Does 1320 divide 104299800?
True
Does 268 divide 240870896?
True
Does 3165 divide 1083009195?
True
Does 528 divide 5286611?
False
Does 990 divide 21046861?
False
Is 8115603 a multiple of 519?
True
Is 109918541 a multiple of 23?
True
Does 38 divide 89578250?
False
Does 1880 divide 3172015390?
False
Does 9 divide 80731584?
True
Is 26598565 a multiple of 26?
False
Does 43 divide 5881798?
True
Is 32471513 a multiple of 615?
False
Does 233 divide 40209520?
False
Does 1414 divide 34275360?
True
Does 62 divide 45633984?
True
Does 13 divide 5465418965?
False
Is 2622628581 a multiple of 76?
False
Is 68 a factor of 113986348?
False
Is 56 a factor of 879308222?
False
Does 8 divide 1339248?
True
Is 735 a factor of 23846052?
False
Is 93119998 a multiple of 5?
False
Is 309470113 a multiple of 483?
False
Is 2103093209 a multiple of 11954?
False
Is 352 a factor of 854462819?
False
Is 462 a factor of 1951747?
False
Does 3 divide 1410206?
False
Does 61 divide 15841257?
False
Is 680 a factor of 4383471?
False
Is 117295795 a multiple of 18?
False
Is 751627208 a multiple of 32?
False
Is 1039 a factor of 10757806?
True
Is 101718712 a multiple of 220?
False
Does 3 divide 983171415?
True
Does 19 divide 576447422?
True
Is 16 a factor of 391698292?
False
Is 648778 a multiple of 13?
True
Is 20 a factor of 10422457?
False
Is 137794950 a multiple of 18?
True
Does 351 divide 3046329?
True
Does 30 divide 1302974?
False
Is 23 a factor of 2382375?
False
Is 139 a factor of 198289866?
False
Is 210 a factor of 584850?
True
Is 65790387 a multiple of 387?
True
Is 5 a factor of 60737665?
True
Is 915643036 a multiple of 51?
False
Is 85 a factor of 266395725?
False
Does 816 divide 1537071?
False
Is 86 a factor of 25690195?
False
Is 389992835 a multiple of 2616?
False
Is 1062 a factor of 97326990?
True
Does 820 divide 2749460?
True
Is 325 a factor of 200899400?
True
Is 239325933 a multiple of 14?
False
Is 8 a factor of 444217488?
True
Is 60 a factor of 3866443320?
True
Does 1423 divide 12499210?
False
Is 143580400 a multiple of 17?
False
Does 221 divide 2663069812?
False
Does 9 divide 8517594?
False
Is 241438190 a multiple of 70?
True
Is 433735848 a multiple of 24?
True
Is 173 a factor of 289567573?
True
Is 642 a factor of 22120752?
True
Does 8 divide 78874584?
True
Is 225452453 a multiple of 674?
False
Does 693 divide 10026101?
False
Does 1475 divide 145427955?
False
Is 3426314267 a multiple of 118?
False
Does 14 divide 179942658?
True
Is 53948062 a multiple of 15?
False
Does 232 divide 13317254?
False
Is 78 a factor of 1578094284?
True
Does 2154 divide 816100991?
False
Is 2 a factor of 1148412?
True
Is 238681172 a multiple of 41?
True
Is 3219282927 a multiple of 32?
False
Is 19624228 a multiple of 5?
False
Does 1257 divide 1933198122?
True
Does 127 divide 180055570?
False
Does 3693 divide 1507288865?
False
Is 153115866 a multiple of 924?
False
Does 31 divide 69178267?
True
Does 90 divide 1653